e factors of 67917?
3, 22639
What are the prime factors of 1233?
3, 137
What are the prime factors of 8583?
3, 2861
List the prime factors of 15433.
11, 23, 61
List the prime factors of 13740.
2, 3, 5, 229
What are the prime factors of 2217?
3, 739
What are the prime factors of 1900?
2, 5, 19
List the prime factors of 16045.
5, 3209
What are the prime factors of 733?
733
List the prime factors of 2008.
2, 251
What are the prime factors of 303?
3, 101
What are the prime factors of 876?
2, 3, 73
What are the prime factors of 480?
2, 3, 5
What are the prime factors of 1559?
1559
List the prime factors of 48352.
2, 1511
List the prime factors of 856.
2, 107
List the prime factors of 11889.
3, 1321
List the prime factors of 62699.
7, 13, 53
List the prime factors of 17369.
11, 1579
List the prime factors of 1200.
2, 3, 5
List the prime factors of 5210.
2, 5, 521
What are the prime factors of 661?
661
List the prime factors of 1878.
2, 3, 313
List the prime factors of 21810.
2, 3, 5, 727
What are the prime factors of 2571?
3, 857
List the prime factors of 46673.
11, 4243
List the prime factors of 1665.
3, 5, 37
What are the prime factors of 2263?
31, 73
List the prime factors of 3831.
3, 1277
List the prime factors of 17247.
3, 5749
List the prime factors of 26072.
2, 3259
What are the prime factors of 35796?
2, 3, 19, 157
What are the prime factors of 15992?
2, 1999
List the prime factors of 123235.
5, 7, 503
What are the prime factors of 17616?
2, 3, 367
List the prime factors of 26138.
2, 7, 1867
What are the prime factors of 21?
3, 7
List the prime factors of 2149.
7, 307
List the prime factors of 3410.
2, 5, 11, 31
List the prime factors of 14439.
3, 4813
List the prime factors of 30440.
2, 5, 761
What are the prime factors of 37925?
5, 37, 41
What are the prime factors of 4432?
2, 277
List the prime factors of 60246.
2, 3, 3347
List the prime factors of 32210.
2, 5, 3221
List the prime factors of 3228.
2, 3, 269
What are the prime factors of 4768?
2, 149
List the prime factors of 14072.
2, 1759
What are the prime factors of 1399?
1399
List the prime factors of 778.
2, 389
List the prime factors of 704.
2, 11
List the prime factors of 96307.
193, 499
List the prime factors of 57997.
59, 983
What are the prime factors of 57339?
3, 23, 277
What are the prime factors of 426?
2, 3, 71
What are the prime factors of 123783?
3, 11, 31
List the prime factors of 74341.
17, 4373
What are the prime factors of 10311?
3, 7, 491
What are the prime factors of 53264?
2, 3329
List the prime factors of 616.
2, 7, 11
List the prime factors of 89175.
3, 5, 29, 41
List the prime factors of 5254.
2, 37, 71
List the prime factors of 269.
269
List the prime factors of 69616.
2, 19, 229
What are the prime factors of 30955?
5, 41, 151
What are the prime factors of 56187?
3, 2081
What are the prime factors of 6513?
3, 13, 167
List the prime factors of 649.
11, 59
What are the prime factors of 73159?
149, 491
List the prime factors of 18860.
2, 5, 23, 41
List the prime factors of 131578.
2, 65789
What are the prime factors of 5298?
2, 3, 883
List the prime factors of 7806.
2, 3, 1301
List the prime factors of 259.
7, 37
What are the prime factors of 9804?
2, 3, 19, 43
What are the prime factors of 776?
2, 97
What are the prime factors of 33361?
73, 457
What are the prime factors of 940?
2, 5, 47
What are the prime factors of 3151?
23, 137
List the prime factors of 26566.
2, 37, 359
List the prime factors of 73181.
73181
List the prime factors of 10073.
7, 1439
What are the prime factors of 405?
3, 5
What are the prime factors of 6107?
31, 197
List the prime factors of 1559.
1559
What are the prime factors of 830?
2, 5, 83
List the prime factors of 19485.
3, 5, 433
List the prime factors of 103130.
2, 5, 10313
List the prime factors of 530.
2, 5, 53
What are the prime factors of 15901?
15901
What are the prime factors of 4110?
2, 3, 5, 137
List the prime factors of 2186.
2, 1093
List the prime factors of 2635.
5, 17, 31
List the prime factors of 39525.
3, 5, 17, 31
List the prime factors of 65031.
3, 53, 409
List the prime factors of 117601.
11, 10691
What are the prime factors of 836?
2, 11, 19
List the prime factors of 41421.
3, 13807
What are the prime factors of 723?
3, 241
List the prime factors of 27686.
2, 109, 127
List the prime factors of 10437.
3, 7, 71
What are the prime factors of 63104?
2, 17, 29
What are the prime factors of 596?
2, 149
List the prime factors of 295.
5, 59
What are the prime factors of 110320?
2, 5, 7, 197
List the prime factors of 6151.
6151
What are the prime factors of 13762?
2, 7, 983
What are the prime factors of 25429?
59, 431
What are the prime factors of 68387?
11, 6217
What are the prime factors of 1240?
2, 5, 31
What are the prime factors of 14631?
3, 4877
What are the prime factors of 119786?
2, 101, 593
What are the prime factors of 2695?
5, 7, 11
What are the prime factors of 91074?
2, 3, 43, 353
List the prime factors of 4537.
13, 349
List the prime factors of 7029.
3, 11, 71
List the prime factors of 10448.
2, 653
List the prime factors of 2066.
2, 1033
List the prime factors of 12227.
12227
List the prime factors of 6836.
2, 1709
List the prime factors of 2123.
11, 193
List the prime factors of 42242.
2, 21121
What are the prime factors of 100?
2, 5
What are the prime factors of 2578?
2, 1289
List the prime factors of 14930.
2, 5, 1493
What are the prime factors of 2719?
2719
List the prime factors of 7030.
2, 5, 19, 37
What are the prime factors of 573?
3, 191
List the prime factors of 8590.
2, 5, 859
What are the prime factors of 3576?
2, 3, 149
What are the prime factors of 1008?
2, 3, 7
What are the prime factors of 140398?
2, 70199
List the prime factors of 3825.
3, 5, 17
What are the prime factors of 13265?
5, 7, 379
What are the prime factors of 34440?
2, 3, 5, 7, 41
What are the prime factors of 41583?
3, 83, 167
List the prime factors of 4065.
3, 5, 271
List the prime factors of 15776.
2, 17, 29
What are the prime factors of 1145?
5, 229
List the prime factors of 631.
631
What are the prime factors of 11595?
3, 5, 773
What are the prime factors of 1708?
2, 7, 61
What are the prime factors of 1396?
2, 349
List the prime factors of 105.
3, 5, 7
List the prime factors of 48709.
67, 727
What are the prime factors of 11160?
2, 3, 5, 31
What are the prime factors of 6650?
2, 5, 7, 19
List the prime factors of 9466.
2, 4733
List the prime factors of 1066.
2, 13, 41
List the prime factors of 747.
3, 83
List the prime factors of 33.
3, 11
What are the prime factors of 6220?
2, 5, 311
What are the prime factors of 25263?
3, 7, 401
List the prime factors of 3049.
3049
What are the prime factors of 4038?
2, 3, 673
What are the prime factors of 13723?
13723
What are the prime factors of 952?
2, 7, 17
List the prime factors of 191.
191
List the prime factors of 9348.
2, 3, 19, 41
What are the prime factors of 25526?
2, 12763
What are the prime factors of 5494?
2, 41, 67
List the prime factors of 2798.
2, 1399
List the prime factors of 17318.
2, 7, 1237
What are the prime factors of 9921?
3, 3307
List the prime factors of 1177.
11, 107
What are the prime factors of 598?
2, 13, 23
List the prime factors of 10537.
41, 257
What are the prime factors of 20519?
17, 71
What are the prime factors of 1037?
17, 61
List the prime factors of 1463.
7, 11, 19
What are the prime factors of 2573?
31, 83
What are the prime factors of 3403?
41, 83
What are the prime factors of 6588?
2, 3, 61
List the prime factors of 191090.
2, 5, 97, 197
What are the prime factors of 1280?
2, 5
List the prime factors of 48006.
2, 3, 7, 127
What are the prime factors of 3791?
17, 223
What are the prime factors of 20214?
2, 3, 1123
List the prime factors of 33.
3, 11
List the prime factors of 7116.
2, 3, 593
List the prime factors of 193.
193
List the prime factors of 1900.
2, 5, 19
List the prime factors of 41.
41
List the prime factors of 972.
2, 3
What are the prime factors of 153?
3, 17
List the prime factors of 9859.
9859
What are the prime factors of 4224?
2, 3, 11
What are the prime factors of 258?
2, 3, 43
What are the prime factors of 13147?
13147
List the prime factors of 3687.
3, 1229
What are the prime factors of 895?
5, 179
What are the prime factor